t m(x) = -x**3 + 28*x**2 - 22*x - 131. Suppose 0 = 166*q + 97*q - 66*q - 5319. Calculate m(q).
4
Let f(c) = 142*c + 35. Let d be f(-4). Let b = 523 + d. Let s(h) = -h**2 - 11*h - 16. Determine s(b).
-6
Let d(j) be the first derivative of -2*j - 2 - 1/3*j**3 - 9/2*j**2. Let r = 15853 - 15860. Determine d(r).
12
Let u(c) be the first derivative of -c**3/3 - 5*c**2/2 - 3*c - 590. Calculate u(-2).
3
Suppose -6*b + 342 = 51*b. Let z(t) = -t**2 + 12*t - 18. Determine z(b).
18
Let p = -2260 + 2279. Let u(j) = 2*j**2 - 36*j - 27. Calculate u(p).
11
Let i be (-1*281/(-3))/(37/(-111)). Let q = i + 285. Let s(d) = -d**2 + 5*d. Calculate s(q).
4
Let w(d) = 2*d**2 - 3*d + 1. Let m = 182 - 172. Suppose -s = -m + 7. Calculate w(s).
10
Suppose -2729*f = -4*q - 2731*f + 42, -5*f + 28 = -q. Let n(w) = -3*w**2 + 8 + 5*w**2 - 3*w**2 + 6*w. Determine n(q).
1
Suppose -60 = -8*j + 460. Suppose -j = 4*c + c. Let y(z) = z**2 + 12*z - 4. Calculate y(c).
9
Let k(o) be the second derivative of o**5/20 + 7*o**4/12 + o**3/3 + 8*o**2 - o - 1007. Calculate k(-7).
2
Let f(n) be the third derivative of -n**5/30 + 87*n**2. Let u be -8 + (-2)/(8/(-20)). What is f(u)?
-18
Let m(s) = -6*s**3 + 67*s**2 + 11*s + 21. Let i(z) = z**3 - 12*z**2 - 2*z - 4. Let n(v) = -11*i(v) - 2*m(v). Calculate n(0).
2
Let j(g) = -9*g - 11. Let t(u) = 4*u + 6. Let b(v) = 3*j(v) + 7*t(v). Let y = 50667 - 50674. Determine b(y).
2
Let n(h) be the first derivative of 6*h**2 - 2*h - 2*h + 6*h - 89 + 2. Calculate n(2).
26
Let q(v) = -20*v**3 - 63*v**2 - 10*v + 233. Let f(r) = -7*r**3 - 21*r**2 - 5*r + 78. Let w(u) = -17*f(u) + 6*q(u). What is w(-22)?
6
Let g be (-300)/(-35) + 12/28. Suppose 2*b + o = -2 + g, -o = b - 1. Let v(a) = a - 28. Let y(q) = -3*q + 88. Let w(x) = -19*v(x) - 6*y(x). Calculate w(b).
-2
Suppose 2*x = 6*x + 8. Let v(t) = 121 + 4*t - 9*t + 4*t - 120. Let k(s) = 25*s - 30. Let i(d) = k(d) + 30*v(d). Calculate i(x).
10
Let o(d) = d**3 - 4*d**2 + 2*d - 4. Let c(v) = -v**2 + 21*v + 21. Let w be c(19). Let t(a) = -a**2 - 5*a + 28. Let l be t(-12). Let j = w + l. What is o(j)?
-7
Let p(f) = f - 10. Let u(z) be the second derivative of z**3/2 - 31*z**2/2 + z. Suppose 12*d + 23*d = 105. Let h(l) = d*u(l) - 8*p(l). Give h(6).
-7
Let k(z) be the third derivative of z**6/120 - 11*z**5/60 - z**4/6 + 5*z**3/2 + 216*z**2. Give k(11).
-29
Let f(j) = j**3 + 9*j**2 + 27*j + 26. Let u be f(-5). Let i(v) = -v**3 - 10*v**2 - 8*v + 4. Calculate i(u).
-5
Let n(q) = -q**2 - 10*q + 2. Let t = 624 + -623. Let x be (1/(-4) - (-207)/(-36)) + t. What is n(x)?
27
Suppose 0 = 3*u - 11 + 5. Let z(o) = 3*o**2 - 5*o - 4. Let c be z(4). Let x(m) = -4 + 23*m**2 - c*m**u + 7*m - 14*m + 11. Determine x(-8).
-1
Let p(f) = -2*f + 78. Let x(z) = z - 47. Let q(n) = 9*p(n) + 16*x(n). Determine q(-22).
-6
Let w(b) = 11*b + 56. Let c(y) = 7*y + 27. Let o(k) = -5*c(k) + 3*w(k). Calculate o(8).
17
Let h(r) = -6*r + 1. Suppose 24*d = 19*d - 320. Let q = d - -32. Let m = 33 + q. Calculate h(m).
-5
Let t(d) = d**2 - 9*d + 9. Let v = 185 - 183. Let r be -1 - (-5 - -1)/(v/4). Determine t(r).
-5
Let x(g) be the second derivative of -g**5/20 - 5*g**4/3 + g**3/3 + 10*g**2 - 8034*g. Determine x(-20).
-20
Suppose 15*a = 1445 - 1100. Let z(m) = -2*m - 3. Give z(a).
-49
Let g(z) = z**2 + 20*z + 80. Let v(h) = 4*h + 109. Let n be v(-31). Let w be g(n). Let c(j) = j**2 - 4*j + 6. Give c(w).
11
Let k(n) = 9 - n**2 + n - 11*n + 3*n**2 - n**2. Suppose -2*a + 8 = 0, -13*w - 4 = -11*w - 5*a. What is k(w)?
-7
Let f(g) = -85*g + 9166. Let l be f(108). Let z(j) = 2*j + 65. What is z(l)?
37
Let u(t) = -2*t + 2. Let l(m) = -2*m**2 + 47*m + 25. Let x be l(24). Let f(v) = v - 1. Let p(h) = x*u(h) + f(h). Calculate p(-4).
5
Let l(x) = 3*x**2 + 9*x + 1. Let n(z) = -z**2 - z - 1. Let h(s) = -l(s) - 4*n(s). Let b = -264 - -260. Let j(w) = w**2 + 4*w + 7. Let c be j(b). Determine h(c).
17
Let p(q) = 16*q**3 + 93*q**2 - 91*q + 30. Let o(a) = -3*a**3 - 17*a**2 + 18*a - 6. Let s(m) = 11*o(m) + 2*p(m). Give s(3).
6
Suppose -9 = t - 3*r, -r = t - 4*t - 3. Suppose -3*y + 0*s = -4*s + 20, 4*y - 2*s + 10 = t. Let f(h) = -83*h + 3 + 163*h - h**3 - 79*h. Determine f(y).
3
Let g(r) = -r**3 + 2*r**2 + 4*r - 4. Suppose 61*y + 208 = 113*y. Calculate g(y).
-20
Let h(o) = -2*o - 5. Let c(r) = 2. Let p(y) = 4*c(y) + 2*h(y). Suppose 5*a + 1063 = 988, -4*a - 56 = 4*l. Determine p(l).
-6
Let r(x) = -68*x - 3 + 43*x - 14 + 27*x. Calculate r(10).
3
Let q = 61 - 64. Let k(y) be the first derivative of -y**4/4 - 2*y**3/3 + 129. Determine k(q).
9
Let k(x) be the third derivative of 1/60*x**5 + 5/3*x**3 - 44*x**2 + 0*x - 7/24*x**4 + 0. Determine k(3).
-2
Suppose 449*g = 398*g - 255. Let p(j) be the first derivative of -j**3/3 - 3*j**2/2 + j + 1. Give p(g).
-9
Let c(g) = g + 15. Let v(p) = -6*p**3 - p**2 + p. Let h be v(-1). Suppose h*u - 2 + 10 = 0. Let w be (u - 1)*(30/9 - 1). Give c(w).
8
Let v(h) = 8*h + 44. Let s(u) = 388*u + 8142. Let x be s(-21). Give v(x).
-4
Let a(r) = 207*r**3 + 1 + 2 - 185*r**3 + r**2 - 4. Suppose 3*h = 0, -3*g - h - 3*h = -3. Calculate a(g).
22
Let m(g) be the second derivative of -7/2*g**2 + 0 + 4/3*g**3 + 1/12*g**4 + 28*g. Give m(-8).
-7
Let v(m) = -4*m - 21. Let s be v(-6). Suppose 20 = s*r - 7*r. Let c(t) be the third derivative of -t**4/8 - 2*t**3/3 - 16*t**2. Calculate c(r).
11
Let m be (-3420)/(-912) - (-2)/8. Suppose -4*n - 2 - 2 = 2*b, 0 = -b - 4*n - 6. Let w(h) = -3*h**b - 3 - 3*h + 0*h**3 - 1 + h**3. Calculate w(m).
0
Let i(l) = 5*l**2 - l. Let p be 428/1498 + (-10)/(-14). What is i(p)?
4
Let l(f) = f**2 + 7*f + 3. Let v be ((-18)/(-4))/(4*27/2016). Suppose -v + 120 = -6*d. Give l(d).
-3
Let p = 2 - 3. Let s(v) = -10*v**2 - 22*v + 13. Let j(b) = -12*b**2 - 26*b + 15. Let f(a) = -6*j(a) + 7*s(a). Calculate f(p).
1
Let j(v) = 159*v - 197. Let p(a) = 56*a - 65. Let q(g) = 6*j(g) - 17*p(g). What is q(36)?
-5
Let d be 2 - (0 - 2) - 2. Let c(h) be the second derivative of 17*h + 1/6*h**3 - 1/6*h**4 - 1/2*h**2 + 0. What is c(d)?
-7
Let u be 5*(4/5 + -2). Let g(y) = 515*y - 5*y**2 + 4*y**2 - 9 + 0*y**2 - 524*y. Calculate g(u).
9
Let d = 883 + -881. Let k(g) = -7*g - g**d + g - 1 - 6*g + 10 + 4*g. Determine k(-11).
-24
Let h = 14128 + -14112. Let v(o) = o**3 - 14*o**2 - 35*o + 50. Calculate v(h).
2
Let j(p) be the first derivative of -5*p**3/3 - 21*p**2/2 + 8*p - 5701. What is j(-5)?
-12
Let b be (-1 - (-1)/1)/1. Let l(q) = b - q + 3 + 4 + 3*q**2 - 12. Let r(d) = 4*d**2 - 2*d - 6. Let t(o) = -3*l(o) + 2*r(o). What is t(0)?
3
Suppose -l = 2*n - 37, 2*n - l = l + 28. Let x(j) = -2*j**2 + 36*j - 34. Let d be x(n). Let o(p) = -p + 11. What is o(d)?
11
Let f(t) = 4*t**2 - t - 1. Let q be 1 + 3 + (22 - -3). Let y(l) = l**3 - 28*l**2 - 29*l - 1. Let p be y(q). Determine f(p).
4
Let a(i) = -i**3 - 5*i**2 - 2*i. Let p = 16 - 49. Let d be p/(-6) - 25/10. Let q be d/2*16/(-6). Calculate a(q).
-8
Let g(f) = 8*f + 4. Let u be g(-3). Let r = u + 10. Let q(m) = 2*m - m + 0 - 12 - 7*m + 4 + 5*m. What is q(r)?
2
Let k(x) be the third derivative of x**4/12 + 14*x**3/3 - 8*x**2. Let l be k(-12). Suppose 9*i - l*i = -20. Let g(o) = -6*o - 6. Determine g(i).
18
Let x(y) = 22*y**2 - 4*y + 1. Let o be x(-1). Let f be 3 + (-9)/o*-12. Let p(t) = -t**2 + 11*t - 24. Calculate p(f).
4
Let l(w) = 2*w**2 + 27*w - 56. Let t(i) = -i**2 - 13*i + 26. Let d(r) = 6*l(r) + 13*t(r). Suppose -8*s - 10 = -3*k - 3*s, -4*k - 10 = -2*s. Determine d(k).
12
Let m = -4806 + 4802. Let a(h) = -10*h - 10. Give a(m).
30
Let k(f) be the second derivative of f**4/12 + f**3/3 - 2*f**2 + 279*f + 2. What is k(-5)?
11
Suppose -7*b + 5*b + 10 = 0. Let m(y) = -154*y - 2 + 82*y - 4 - y**3 + 74*y + 5*y**2. Calculate m(b).
4
Let r(c) = -c**2 - 5*c + 40. Suppose 25*v = -70*v - 855. Determine r(v).
4
Suppose 0 = -2894*z + 2911*z - 68. Let c(n) = -5*n + 18. Calculate c(z).
-2
Let r(f) = -3*f - 10. Let d be r(-6). Let l(z) = 3*z - 7 - 2*z + d. Let a = 487 - 492. Calculate l(a).
-4
Let x(h) = 4*h**3 - 20*h**2 - 38*h - 14. Let f(s) = s**3 - 7*s**2 - 12*s - 5. Let l(y) = 7*f(y) - 2*x(y). Let q be (1 + -7 + 2)/((-1)/(-2)). What is l(q)?
-7
Let q(p) = 9*p + 7*p - 3*p - 7*p + 2. Let t(i) = i**2 + 6*i + 7. Let d be t(-2). Calculate q(d).
-4
Let h be 6/21 - (-145)/7. Let y be -50 + h + 2/((-4)/(-6)). Let j = y + 24. Let q(l) =